{"id":180,"date":"2020-07-24T10:47:03","date_gmt":"2020-07-24T08:47:03","guid":{"rendered":"http:\/\/www.solgrud.pl\/new\/?page_id=180"},"modified":"2022-08-30T08:26:11","modified_gmt":"2022-08-30T06:26:11","slug":"obiekty-uzytecznosci-publicznej","status":"publish","type":"page","link":"https:\/\/www.solgrud.pl\/new\/obiekty-uzytecznosci-publicznej\/","title":{"rendered":"Obiekty u\u017cyteczno\u015bci publicznej"},"content":{"rendered":"<p>[et_pb_section fb_built=&#8221;1&#8243; fullwidth=&#8221;on&#8221; custom_padding_last_edited=&#8221;on|desktop&#8221; admin_label=&#8221;25 lat do\u015bwiadczenia&#8221; _builder_version=&#8221;3.22.3&#8243; custom_padding_tablet=&#8221;50px|0|50px|0&#8243; transparent_background=&#8221;off&#8221; padding_mobile=&#8221;off&#8221; make_fullwidth=&#8221;off&#8221; use_custom_width=&#8221;off&#8221; width_unit=&#8221;on&#8221;][et_pb_fullwidth_header title=&#8221;Budujemy do\u015bwiadczenie od 1992 r. &#8221; text_orientation=&#8221;right&#8221; content_max_width=&#8221;none&#8221; admin_label=&#8221;Nag\u0142\u00f3wek pe\u0142nej szeroko\u015bci&#8221; _builder_version=&#8221;3.25.4&#8243; background_color=&#8221;#0c71c3&#8243; background_image=&#8221;https:\/\/www.solgrud.pl\/new\/wp-content\/uploads\/2020\/01\/DSC_0017-kopia.jpg&#8221; parallax=&#8221;on&#8221; parallax_method=&#8221;on&#8221; background_url=&#8221;https:\/\/www.solgrud.pl\/new\/wp-content\/uploads\/2017\/04\/a_1obraz-001.jpg&#8221; button_one_letter_spacing_hover=&#8221;0&#8243; button_two_letter_spacing_hover=&#8221;0&#8243; button_one_text_size__hover_enabled=&#8221;off&#8221; button_two_text_size__hover_enabled=&#8221;off&#8221; button_one_text_color__hover_enabled=&#8221;off&#8221; button_two_text_color__hover_enabled=&#8221;off&#8221; button_one_border_width__hover_enabled=&#8221;off&#8221; button_two_border_width__hover_enabled=&#8221;off&#8221; button_one_border_color__hover_enabled=&#8221;off&#8221; button_two_border_color__hover_enabled=&#8221;off&#8221; button_one_border_radius__hover_enabled=&#8221;off&#8221; button_two_border_radius__hover_enabled=&#8221;off&#8221; button_one_letter_spacing__hover_enabled=&#8221;on&#8221; button_one_letter_spacing__hover=&#8221;0&#8243; button_two_letter_spacing__hover_enabled=&#8221;on&#8221; button_two_letter_spacing__hover=&#8221;0&#8243; button_one_bg_color__hover_enabled=&#8221;off&#8221; button_two_bg_color__hover_enabled=&#8221;off&#8221;][\/et_pb_fullwidth_header][\/et_pb_section][et_pb_section fb_built=&#8221;1&#8243; custom_padding_last_edited=&#8221;on|desktop&#8221; admin_label=&#8221;section&#8221; _builder_version=&#8221;3.22.3&#8243; background_color=&#8221;#dbdbdb&#8221; custom_padding_tablet=&#8221;50px|0|50px|0&#8243; transparent_background=&#8221;off&#8221; padding_mobile=&#8221;off&#8221; make_fullwidth=&#8221;off&#8221; use_custom_width=&#8221;off&#8221; width_unit=&#8221;on&#8221;][et_pb_row admin_label=&#8221;Wiersz&#8221; _builder_version=&#8221;3.25&#8243; background_size=&#8221;initial&#8221; background_position=&#8221;top_left&#8221; background_repeat=&#8221;repeat&#8221;][et_pb_column type=&#8221;4_4&#8243; _builder_version=&#8221;3.25&#8243; custom_padding=&#8221;|||&#8221; custom_padding__hover=&#8221;|||&#8221;][et_pb_text admin_label=&#8221;Tekst&#8221; _builder_version=&#8221;3.0.87&#8243; background_size=&#8221;initial&#8221; background_position=&#8221;top_left&#8221; background_repeat=&#8221;repeat&#8221; use_border_color=&#8221;off&#8221; border_color=&#8221;#ffffff&#8221; border_style=&#8221;solid&#8221;]<\/p>\n<h1>Obiekty u\u017cyteczno\u015bci publicznej<\/h1>\n<p>[\/et_pb_text][\/et_pb_column][\/et_pb_row][et_pb_row admin_label=&#8221;row&#8221; _builder_version=&#8221;3.25&#8243; background_size=&#8221;initial&#8221; background_position=&#8221;top_left&#8221; background_repeat=&#8221;repeat&#8221;][et_pb_column type=&#8221;4_4&#8243; _builder_version=&#8221;3.25&#8243; custom_padding=&#8221;|||&#8221; custom_padding__hover=&#8221;|||&#8221;][et_pb_text admin_label=&#8221;Tekst&#8221; _builder_version=&#8221;3.0.87&#8243; background_size=&#8221;initial&#8221; background_position=&#8221;top_left&#8221; background_repeat=&#8221;repeat&#8221; use_border_color=&#8221;off&#8221; border_color=&#8221;#ffffff&#8221; border_style=&#8221;solid&#8221;]<\/p>\n<ul>\n<li>Przychodnia Zdrowia przy ul. Klasztornej 9\/11 w Grudzi\u0105dzu o kubat. 6 800 m3<\/li>\n<li>Remont lokalu przy ul. Pa\u0144skiej 13 TUiR \u201eWARTA\u201d oddz. w Grudzi\u0105dzu<\/li>\n<li>Siedziba przedstawicielstwa PZU-\u017bycie SA o\/Grudzi\u0105dz przy ul. Pa\u0144skiej<\/li>\n<li>Dom Dziecka ul. Miko\u0142aja z Ry\u0144ska w Grudzi\u0105dzu<\/li>\n<li>Sala gimnastyczna &#8211; Szko\u0142a Michale<\/li>\n<li>K.S.N. \u201eStart\u201d &#8211; si\u0142ownia rehabilitacyjna<\/li>\n<li>Sala gimnastyczna &#8211; Szko\u0142a Linowo<\/li>\n<li>Dom Handlowy \u201eOrze\u0142\u201d<\/li>\n<li>Adaptacja Spichrza<\/li>\n<li>Remont Drukarni Ks. Werbist\u00f3w G\u00f3rna Grupa<\/li>\n<li>Szko\u0142a Bia\u0142ochowo<\/li>\n<li>Sala gimnastyczna &#8211; Kijewo Kr\u00f3lewskie<\/li>\n<li>Urz\u0105d Skarbowy W\u0105brze\u017ano<\/li>\n<li>Centrum Rozrywki \u201eSKALA\u201d w Grudzi\u0105dzu<\/li>\n<li>Centrum handlowe \u201eREAL\u201d w Grudzi\u0105dzu &#8211; stan zerowy<\/li>\n<li>Sala widowiskowo &#8211; sportowa os. Lotnisko w Grudzi\u0105dzu<\/li>\n<li>Sala gimnastyczna z zapleczem socjalnym przy Szkole Podstawowej w Nowym Dworze k\/Kwidzyna<\/li>\n<li>Budynek komunalny na osiedlu &#8222;Rz\u0105dz&#8221; w Grudzi\u0105dzu<\/li>\n<li>Sala gimnastyczna przy Szkole Podstawowej nr 1 w Che\u0142mnie<\/li>\n<li>Rozbudowa Szko\u0142y Podstawowej w Grucznie<\/li>\n<li>Roboty remontowo &#8211; modernizacyjne budynku g\u0142\u00f3wnego Komendy Miejskiej Policji w Grudzi\u0105dzu<\/li>\n<li>Sala gimnastyczna w Papowie Biskupim<\/li>\n<li>Sala gimnastyczna przy Szkole Podstawowej nr 1 i 2 w Che\u0142m\u017cy<\/li>\n<li>Adaptacja i modernizacja budynku pokoszarowego przy ulicy Che\u0142mi\u0144skiej w Grudzi\u0105dzu na siedzib\u0119 Przedsi\u0119biorstwa<\/li>\n<li>Adaptacja i modernizacja budynku by\u0142ej przychodni zdrowia na Izb\u0119 Wytrze\u017awie\u0144 w Grudzi\u0105dzu przy ul. Wary\u0144skiego<\/li>\n<li>Dobudowa sali rekreacyjnej wraz z modernizacj\u0105 pawilonu Szko\u0142y Podstawowej w D\u0105br\u00f3wce Kr\u00f3lewskiej gm. Gruta<\/li>\n<li>Rozbudowa Szko\u0142y Podstawowej w Grucznie \u2013 II etap budowa Gimnazjum<\/li>\n<li>Modernizacja Dzia\u0142u Pomocy Dora\u017cnej i Izby Przyj\u0119\u0107 Szpitala w \u015awieciu<\/li>\n<li>Europejskie Centrum Wymiany M\u0142odzie\u017cy nad Jez. Starogrodzkim w Che\u0142mnie<\/li>\n<li>Modernizacja Dzia\u0142u Pomocy Dora\u017anej i Izby Przyj\u0119\u0107 Samodzielnego Publicznego Zak\u0142adu Opieki Zdrowotnej w \u015awieciu<\/li>\n<li>Budowa sali sportowej dla Szko\u0142y Podstawowej nr 7 w \u015awieciu n\/Wis\u0142\u0105<\/li>\n<li>Modernizacja budynku \u201cInternatu M\u0142odzie\u017cy Wiejskiej im. Kardyna\u0142a Stefana Wyszy\u0144skiego\u201d w Grudzi\u0105dzu<\/li>\n<li>Przebudowa Domu Kultury \u2013 Modernizacja sali kinowej w \u015awieciu n\/Wis\u0142\u0105<\/li>\n<li>Budowa sali gimnastycznej z zapleczem socjalnym we wsi Zegartowice<\/li>\n<li>Roboty budowlane na budowie Szpitala Miejskiego w Grudzi\u0105dzu<\/li>\n<li>Budowa Terminala Celnego w Bia\u0142ym Borze k\/Grudzi\u0105dza<\/li>\n<li>Budynek biurowy przy ul. Kulerskiego w Grudzi\u0105dzu<\/li>\n<li>Modernizacja obiekt\u00f3w ZUS przy ul. Wybickiego w Grudzi\u0105dzu<\/li>\n<li>Przebudowa wej\u015bcia do budynku Bazy i Systemy Bankowe przy ul. Kasprzaka w Bydgoszczy<\/li>\n<li>Roboty budowlane na budowie Szpitala Miejskiego w Grudzi\u0105dzu<\/li>\n<li>Budowa sali widowiskowo &#8211; sportowej w Unis\u0142awiu<\/li>\n<li>Budowa budynku apartamentowego wielolokalowego we W\u0142adys\u0142awowie<\/li>\n<li>Modernizacja pomieszcze\u0144 na Sal\u0119 Obs\u0142ugi Klienta w Inspektoracie ZUS w Grudzi\u0105dzu<\/li>\n<li>Budowa hali sportowej w W\u0105brze\u017anie<\/li>\n<li>Budowa sali gimnastycznej wraz z zapleczem socjalnym przy ul. Ogrodowej 1c w \u015awieciu n\/Wis\u0142\u0105<\/li>\n<li>Wykonanie rozbudowy i adaptacji Hotelu RAD***<\/li>\n<li>Budowa sali gimnastycznej wraz z zapleczem dla Zespo\u0142u Szk\u00f3\u0142 przy ul. Nowe Miasto w Chojnicach<\/li>\n<li>Przebudowa i rozbudowa Hotelu Vistula*** w \u015awieciu n\/Wis\u0142\u0105<\/li>\n<li>Budowa obiektu apteki og\u00f3lnodost\u0119pnej wraz z lokalami u\u017cytkowymi (kwiaciarnia, lokal bankowy, apteka, lokal z pami\u0105tkami)<\/li>\n<li>Budowa Oddzia\u0142u Pulmonologii Szpitala przy ul. Rydygiera w Grudzi\u0105dzu<\/li>\n<li>Budowa budynku Stra\u017cnicy PSP &#8211; etap X przy ul. K\u0119trzy\u0144skiego w W\u0105brze\u017anie<\/li>\n<li>Budowa Punktu Selektywnej Zbi\u00f3rki Odpad\u00f3w Komunalnych PSZOK w Grudzi\u0105dzu<\/li>\n<li>Budowa Miejskiej Biblioteki Publicznej w \u015awieciu n\/Wis\u0142\u0105<\/li>\n<li>Przebudowa i rozbudowa Hotelu Rudnik***<\/li>\n<\/ul>\n<p>[\/et_pb_text][et_pb_text _builder_version=&#8221;3.25.4&#8243; custom_padding=&#8221;1px|||||&#8221;]<\/p>\n<h4 style=\"text-align: center;\">Miejska Biblioteka Publiczna przy ul. Wojska Polskiego 141 w \u015awieciu<\/h4>\n<p>[\/et_pb_text][et_pb_gallery gallery_ids=&#8221;26583,26584,26585,26586,26587,26588,26589,26590,26591,26592,26593,26594,26595,26596,26597,26615,26616,26617,26618,26619,26620,26621,26622,26623,26624,26625,26626,26638,26637,26635,26634,26633,26632,26631,26630,26629,26628,26641,26642,26643,26644,26645,26646,26647,26648,26649&#8243; show_title_and_caption=&#8221;off&#8221; _builder_version=&#8221;3.25.4&#8243; min_height=&#8221;215.4px&#8221; custom_margin=&#8221;-18px|||||&#8221;][\/et_pb_gallery][et_pb_text _builder_version=&#8221;3.25.4&#8243; custom_margin=&#8221;-58px|||||&#8221; custom_padding=&#8221;||0px|||&#8221; min_height=&#8221;47px&#8221;]<\/p>\n<h4 style=\"text-align: center;\">Budowa \u017c\u0142obka miejskiego w \u015awieciu przy ulicy \u0141okietka<\/h4>\n<p>[\/et_pb_text][et_pb_gallery gallery_ids=&#8221;26750,26751,26752,26753,26754,26755,26757,26759,26760,26762,26764,26765&#8243; show_title_and_caption=&#8221;off&#8221; _builder_version=&#8221;3.25.4&#8243; custom_margin=&#8221;-33px||-43px|||&#8221; custom_padding=&#8221;||0px|||&#8221; min_height=&#8221;199.4px&#8221;][\/et_pb_gallery][et_pb_text _builder_version=&#8221;3.25.4&#8243; custom_padding=&#8221;||0px|||&#8221; custom_margin=&#8221;14px|||||&#8221;]<\/p>\n<h4 style=\"text-align: center;\">Budowa budynku mieszkalnego z mieszkaniami wspomaganymi i chronionymi w \u015awieciu\u00a0<\/h4>\n<p>[\/et_pb_text][et_pb_gallery gallery_ids=&#8221;29946,29945,29942,29943,29944,29947,29949,29948&#8243; show_title_and_caption=&#8221;off&#8221; _builder_version=&#8221;3.25.4&#8243; custom_padding=&#8221;||0px|||&#8221; custom_margin=&#8221;-17px|||||&#8221;][\/et_pb_gallery][et_pb_gallery gallery_ids=&#8221;26671&#8243; _builder_version=&#8221;3.25.4&#8243;][\/et_pb_gallery][\/et_pb_column][\/et_pb_row][\/et_pb_section]<\/p>\n","protected":false},"excerpt":{"rendered":"<p>[et_pb_section fb_built=&#8221;1&#8243; fullwidth=&#8221;on&#8221; custom_padding_last_edited=&#8221;on|desktop&#8221; admin_label=&#8221;25 lat do\u015bwiadczenia&#8221; _builder_version=&#8221;3.22.3&#8243; custom_padding_tablet=&#8221;50px|0|50px|0&#8243; transparent_background=&#8221;off&#8221; padding_mobile=&#8221;off&#8221; make_fullwidth=&#8221;off&#8221; use_custom_width=&#8221;off&#8221; width_unit=&#8221;on&#8221;][et_pb_fullwidth_header title=&#8221;Budujemy do\u015bwiadczenie od 1992 r. &#8221; text_orientation=&#8221;right&#8221; content_max_width=&#8221;none&#8221; admin_label=&#8221;Nag\u0142\u00f3wek pe\u0142nej szeroko\u015bci&#8221; _builder_version=&#8221;3.25.4&#8243; background_color=&#8221;#0c71c3&#8243; background_image=&#8221;https:\/\/www.solgrud.pl\/new\/wp-content\/uploads\/2020\/01\/DSC_0017-kopia.jpg&#8221; parallax=&#8221;on&#8221; parallax_method=&#8221;on&#8221; background_url=&#8221;https:\/\/www.solgrud.pl\/new\/wp-content\/uploads\/2017\/04\/a_1obraz-001.jpg&#8221; button_one_letter_spacing_hover=&#8221;0&#8243; button_two_letter_spacing_hover=&#8221;0&#8243; button_one_text_size__hover_enabled=&#8221;off&#8221; button_two_text_size__hover_enabled=&#8221;off&#8221; button_one_text_color__hover_enabled=&#8221;off&#8221; button_two_text_color__hover_enabled=&#8221;off&#8221; button_one_border_width__hover_enabled=&#8221;off&#8221; button_two_border_width__hover_enabled=&#8221;off&#8221; button_one_border_color__hover_enabled=&#8221;off&#8221; button_two_border_color__hover_enabled=&#8221;off&#8221; button_one_border_radius__hover_enabled=&#8221;off&#8221; button_two_border_radius__hover_enabled=&#8221;off&#8221; button_one_letter_spacing__hover_enabled=&#8221;on&#8221; button_one_letter_spacing__hover=&#8221;0&#8243; button_two_letter_spacing__hover_enabled=&#8221;on&#8221; button_two_letter_spacing__hover=&#8221;0&#8243; button_one_bg_color__hover_enabled=&#8221;off&#8221; button_two_bg_color__hover_enabled=&#8221;off&#8221;][\/et_pb_fullwidth_header][\/et_pb_section][et_pb_section fb_built=&#8221;1&#8243; custom_padding_last_edited=&#8221;on|desktop&#8221; admin_label=&#8221;section&#8221; _builder_version=&#8221;3.22.3&#8243; background_color=&#8221;#dbdbdb&#8221; custom_padding_tablet=&#8221;50px|0|50px|0&#8243; [&hellip;]<\/p>\n","protected":false},"author":4,"featured_media":0,"parent":0,"menu_order":0,"comment_status":"closed","ping_status":"closed","template":"","meta":{"_et_pb_use_builder":"on","_et_pb_old_content":"","footnotes":""},"aioseo_notices":[],"_links":{"self":[{"href":"https:\/\/www.solgrud.pl\/new\/wp-json\/wp\/v2\/pages\/180"}],"collection":[{"href":"https:\/\/www.solgrud.pl\/new\/wp-json\/wp\/v2\/pages"}],"about":[{"href":"https:\/\/www.solgrud.pl\/new\/wp-json\/wp\/v2\/types\/page"}],"author":[{"embeddable":true,"href":"https:\/\/www.solgrud.pl\/new\/wp-json\/wp\/v2\/users\/4"}],"replies":[{"embeddable":true,"href":"https:\/\/www.solgrud.pl\/new\/wp-json\/wp\/v2\/comments?post=180"}],"version-history":[{"count":23,"href":"https:\/\/www.solgrud.pl\/new\/wp-json\/wp\/v2\/pages\/180\/revisions"}],"predecessor-version":[{"id":29954,"href":"https:\/\/www.solgrud.pl\/new\/wp-json\/wp\/v2\/pages\/180\/revisions\/29954"}],"wp:attachment":[{"href":"https:\/\/www.solgrud.pl\/new\/wp-json\/wp\/v2\/media?parent=180"}],"curies":[{"name":"wp","href":"https:\/\/api.w.org\/{rel}","templated":true}]}}