{"id":477,"date":"2020-07-24T09:46:32","date_gmt":"2020-07-24T07:46:32","guid":{"rendered":"http:\/\/www.solgrud.pl\/new\/?page_id=477"},"modified":"2023-07-20T11:37:43","modified_gmt":"2023-07-20T09:37:43","slug":"informacja-od-administratora-danych-osobowych","status":"publish","type":"page","link":"https:\/\/www.solgrud.pl\/new\/informacja-od-administratora-danych-osobowych\/","title":{"rendered":"Informacja od Administratora Danych Osobowych"},"content":{"rendered":"<p>[et_pb_section fb_built=&#8221;1&#8243; fullwidth=&#8221;on&#8221; custom_padding_last_edited=&#8221;on|desktop&#8221; admin_label=&#8221;RODO&#8221; _builder_version=&#8221;3.22.3&#8243; custom_padding_tablet=&#8221;50px|0|50px|0&#8243; transparent_background=&#8221;off&#8221; padding_mobile=&#8221;off&#8221; make_fullwidth=&#8221;off&#8221; use_custom_width=&#8221;off&#8221; width_unit=&#8221;on&#8221;][et_pb_fullwidth_header title=&#8221;Budujemy do\u015bwiadczenie od 1992 r. &#8221; text_orientation=&#8221;right&#8221; content_max_width=&#8221;none&#8221; admin_label=&#8221;Nag\u0142\u00f3wek pe\u0142nej szeroko\u015bci&#8221; _builder_version=&#8221;3.25.4&#8243; title_level=&#8221;h2&#8243; title_font=&#8221;||||||||&#8221; background_color=&#8221;#0c71c3&#8243; background_image=&#8221;https:\/\/www.solgrud.pl\/new\/wp-content\/uploads\/2020\/01\/DSC_0017-kopia.jpg&#8221; parallax=&#8221;on&#8221; parallax_method=&#8221;on&#8221; background_url=&#8221;https:\/\/www.solgrud.pl\/new\/wp-content\/uploads\/2017\/04\/a_1obraz-001.jpg&#8221; button_one_letter_spacing_hover=&#8221;0&#8243; button_two_letter_spacing_hover=&#8221;0&#8243; button_one_text_size__hover_enabled=&#8221;off&#8221; button_two_text_size__hover_enabled=&#8221;off&#8221; button_one_text_color__hover_enabled=&#8221;off&#8221; button_two_text_color__hover_enabled=&#8221;off&#8221; button_one_border_width__hover_enabled=&#8221;off&#8221; button_two_border_width__hover_enabled=&#8221;off&#8221; button_one_border_color__hover_enabled=&#8221;off&#8221; button_two_border_color__hover_enabled=&#8221;off&#8221; button_one_border_radius__hover_enabled=&#8221;off&#8221; button_two_border_radius__hover_enabled=&#8221;off&#8221; button_one_letter_spacing__hover_enabled=&#8221;on&#8221; button_one_letter_spacing__hover=&#8221;0&#8243; button_two_letter_spacing__hover_enabled=&#8221;on&#8221; button_two_letter_spacing__hover=&#8221;0&#8243; button_one_bg_color__hover_enabled=&#8221;off&#8221; button_two_bg_color__hover_enabled=&#8221;off&#8221;][\/et_pb_fullwidth_header][\/et_pb_section][et_pb_section fb_built=&#8221;1&#8243; admin_label=&#8221;section&#8221; _builder_version=&#8221;3.25.4&#8243; background_color=&#8221;#d6d6d6&#8243;][et_pb_row admin_label=&#8221;row&#8221; _builder_version=&#8221;3.25&#8243; background_size=&#8221;initial&#8221; background_position=&#8221;top_left&#8221; background_repeat=&#8221;repeat&#8221;][et_pb_column type=&#8221;4_4&#8243; _builder_version=&#8221;3.25&#8243; custom_padding=&#8221;|||&#8221; custom_padding__hover=&#8221;|||&#8221;][et_pb_text admin_label=&#8221;Tekst&#8221; _builder_version=&#8221;3.0.87&#8243; background_size=&#8221;initial&#8221; background_position=&#8221;top_left&#8221; background_repeat=&#8221;repeat&#8221; use_border_color=&#8221;off&#8221; border_color=&#8221;#ffffff&#8221; border_style=&#8221;solid&#8221;]<\/p>\n<h1>RODO<\/h1>\n<p>[\/et_pb_text][\/et_pb_column][\/et_pb_row][et_pb_row admin_label=&#8221;Wiersz&#8221; _builder_version=&#8221;3.25&#8243; background_size=&#8221;initial&#8221; background_position=&#8221;top_left&#8221; background_repeat=&#8221;repeat&#8221;][et_pb_column type=&#8221;4_4&#8243; _builder_version=&#8221;3.25&#8243; custom_padding=&#8221;|||&#8221; custom_padding__hover=&#8221;|||&#8221;][et_pb_text admin_label=&#8221;Tekst&#8221; _builder_version=&#8221;3.25.4&#8243; background_size=&#8221;initial&#8221; background_position=&#8221;top_left&#8221; background_repeat=&#8221;repeat&#8221; use_border_color=&#8221;off&#8221; border_color=&#8221;#ffffff&#8221; border_style=&#8221;solid&#8221;]<\/p>\n<p style=\"text-align: justify;\">Dane osobowe, kt\u00f3re przetwarzaj\u0105: Przedsi\u0119biorstwo SOLGRUD Sp. z o.o, Przedsi\u0119biorstwo Remontowo-Monta\u017cowe TASKOMONT-3 Sp. z o.o. mog\u0105 by\u0107 ujawnione pracownikom lub wsp\u00f3\u0142pracownikom wsp\u00f3\u0142administrator\u00f3w, jak te\u017c podmiotom wsp\u00f3\u0142pracuj\u0105cym z nasz\u0105 grup\u0105 kapita\u0142ow\u0105 w zakresie zleconych us\u0142ug i zgodnie z zawartymi umowami powierzenia.<\/p>\n<p style=\"text-align: justify;\">Informujemy r\u00f3wnie\u017c, \u017ce podane przez Pa\u0144stwa dane osobowe b\u0119d\u0105 przetwarzane przez Sp\u00f3\u0142ki wchodz\u0105ce w sk\u0142ad naszej grupy kapita\u0142owej w celu:<\/p>\n<ol style=\"text-align: justify;\">\n<li>przesy\u0142ania Pa\u0144stwu informacji marketingowych od Sp\u00f3\u0142ek wchodz\u0105cych w sk\u0142ad naszej grupy kapita\u0142owej w Polsce elektronicznie, na podany e-mail, na podstawie odr\u0119bnie wyra\u017conej zgody \u2013 zgodnie z art. 6 ust. 1 lit. a Rozporz\u0105dzenia Parlamentu Europejskiego i Rady (UE) 2016\/679 z dnia 27 kwietnia 2016 roku w sprawie ochrony os\u00f3b fizycznych w zwi\u0105zku z przetwarzaniem danych osobowych i w sprawie swobodnego przep\u0142ywu takich danych oraz uchylenia dyrektywy 95\/46\/WE (og\u00f3lne rozporz\u0105dzenie o ochronie danych) \u2013 dalej RODO;<\/li>\n<li>przesy\u0142ania Pa\u0144stwu informacji handlowych od podmiot\u00f3w wsp\u00f3\u0142pracuj\u0105cych z nasz\u0105 grup\u0105 kapita\u0142ow\u0105 drog\u0105 elektroniczn\u0105, na podany e-mail, na podstawie odr\u0119bnie wyra\u017conej zgody \u2013 zgodnie z art. 6 ust. 1 lit. a RODO.<\/li>\n<\/ol>\n<p style=\"text-align: justify;\">W Sp\u00f3\u0142kach naszej grupy kapita\u0142owej zosta\u0142 powo\u0142any Inspektor Ochrony Danych, z kt\u00f3rym mo\u017cna si\u0119 skontaktowa\u0107 poprzez e-mail: <a href=\"mailto:iod@solgrud.pl\">iod@solgrud.pl<\/a> lub pisz\u0105c na adres korespondencyjny: Przedsi\u0119biorstwo SOLGRUD Sp. z o.o, Inspektor Ochrony Danych (DPO), ul. Droga Olchowa 4, 86-300 Grudzi\u0105dz.<\/p>\n<p style=\"text-align: justify;\">Pa\u0144stwa dane osobowe b\u0119d\u0105 przetwarzane do czasu cofni\u0119cia wyra\u017conej zgody.<br \/> W przypadku cofni\u0119cia zgody na przetwarzanie danych, Pa\u0144stwa dane osobowe zostan\u0105 usuni\u0119te lub zanonimizowane.<\/p>\n<p style=\"text-align: justify;\">Maj\u0105 Pa\u0144stwo prawo \u017c\u0105dania dost\u0119pu do dotycz\u0105cych Pa\u0144stwa osoby danych osobowych, prawo ich sprostowania, usuni\u0119cia lub ograniczenia przetwarzania, a tak\u017ce prawo do wniesienia sprzeciwu wobec przetwarzania oraz prawo do przenoszenia danych. Mog\u0105 Pa\u0144stwo cofn\u0105\u0107 wyra\u017con\u0105 zgod\u0119 w dowolnym momencie. Cofni\u0119cie zgody nie wp\u0142ywa na zgodno\u015b\u0107 z prawem przetwarzania, kt\u00f3rego dokonano na podstawie wyra\u017conej przez Pa\u0144stwa zgody przed jej cofni\u0119ciem.<\/p>\n<p style=\"text-align: justify;\">Przys\u0142uguje r\u00f3wnie\u017c Pa\u0144stwu prawo wniesienia skargi do Prezesa Urz\u0119du Ochrony Danych Osobowych, gdy Pan\/Pani uzna, i\u017c przetwarzanie danych osobowych narusza przepisy RODO. Podanie przez Pa\u0144stwa danych osobowych jest dobrowolne, jednak\u017ce niezb\u0119dne do otrzymania oferty.<\/p>\n<p style=\"text-align: justify;\">W uzgodnieniach postanowiono r\u00f3wnie\u017c, jak wskazano, \u017ce punktem kontaktowym dla Pa\u0144stwa jest Inspektor Ochrony Danych.<\/p>\n<p>[\/et_pb_text][\/et_pb_column][\/et_pb_row][\/et_pb_section]<\/p>\n","protected":false},"excerpt":{"rendered":"<p>[et_pb_section fb_built=&#8221;1&#8243; fullwidth=&#8221;on&#8221; custom_padding_last_edited=&#8221;on|desktop&#8221; admin_label=&#8221;RODO&#8221; _builder_version=&#8221;3.22.3&#8243; custom_padding_tablet=&#8221;50px|0|50px|0&#8243; transparent_background=&#8221;off&#8221; padding_mobile=&#8221;off&#8221; make_fullwidth=&#8221;off&#8221; use_custom_width=&#8221;off&#8221; width_unit=&#8221;on&#8221;][et_pb_fullwidth_header title=&#8221;Budujemy do\u015bwiadczenie od 1992 r. &#8221; text_orientation=&#8221;right&#8221; content_max_width=&#8221;none&#8221; admin_label=&#8221;Nag\u0142\u00f3wek pe\u0142nej szeroko\u015bci&#8221; _builder_version=&#8221;3.25.4&#8243; title_level=&#8221;h2&#8243; title_font=&#8221;||||||||&#8221; background_color=&#8221;#0c71c3&#8243; background_image=&#8221;https:\/\/www.solgrud.pl\/new\/wp-content\/uploads\/2020\/01\/DSC_0017-kopia.jpg&#8221; parallax=&#8221;on&#8221; parallax_method=&#8221;on&#8221; background_url=&#8221;https:\/\/www.solgrud.pl\/new\/wp-content\/uploads\/2017\/04\/a_1obraz-001.jpg&#8221; button_one_letter_spacing_hover=&#8221;0&#8243; button_two_letter_spacing_hover=&#8221;0&#8243; button_one_text_size__hover_enabled=&#8221;off&#8221; button_two_text_size__hover_enabled=&#8221;off&#8221; button_one_text_color__hover_enabled=&#8221;off&#8221; button_two_text_color__hover_enabled=&#8221;off&#8221; button_one_border_width__hover_enabled=&#8221;off&#8221; button_two_border_width__hover_enabled=&#8221;off&#8221; button_one_border_color__hover_enabled=&#8221;off&#8221; button_two_border_color__hover_enabled=&#8221;off&#8221; button_one_border_radius__hover_enabled=&#8221;off&#8221; button_two_border_radius__hover_enabled=&#8221;off&#8221; button_one_letter_spacing__hover_enabled=&#8221;on&#8221; button_one_letter_spacing__hover=&#8221;0&#8243; button_two_letter_spacing__hover_enabled=&#8221;on&#8221; button_two_letter_spacing__hover=&#8221;0&#8243; button_one_bg_color__hover_enabled=&#8221;off&#8221; button_two_bg_color__hover_enabled=&#8221;off&#8221;][\/et_pb_fullwidth_header][\/et_pb_section][et_pb_section fb_built=&#8221;1&#8243; admin_label=&#8221;section&#8221; _builder_version=&#8221;3.25.4&#8243; background_color=&#8221;#d6d6d6&#8243;][et_pb_row admin_label=&#8221;row&#8221; _builder_version=&#8221;3.25&#8243; [&hellip;]<\/p>\n","protected":false},"author":4,"featured_media":0,"parent":0,"menu_order":0,"comment_status":"closed","ping_status":"closed","template":"","meta":{"_et_pb_use_builder":"on","_et_pb_old_content":"","footnotes":""},"aioseo_notices":[],"_links":{"self":[{"href":"https:\/\/www.solgrud.pl\/new\/wp-json\/wp\/v2\/pages\/477"}],"collection":[{"href":"https:\/\/www.solgrud.pl\/new\/wp-json\/wp\/v2\/pages"}],"about":[{"href":"https:\/\/www.solgrud.pl\/new\/wp-json\/wp\/v2\/types\/page"}],"author":[{"embeddable":true,"href":"https:\/\/www.solgrud.pl\/new\/wp-json\/wp\/v2\/users\/4"}],"replies":[{"embeddable":true,"href":"https:\/\/www.solgrud.pl\/new\/wp-json\/wp\/v2\/comments?post=477"}],"version-history":[{"count":16,"href":"https:\/\/www.solgrud.pl\/new\/wp-json\/wp\/v2\/pages\/477\/revisions"}],"predecessor-version":[{"id":30416,"href":"https:\/\/www.solgrud.pl\/new\/wp-json\/wp\/v2\/pages\/477\/revisions\/30416"}],"wp:attachment":[{"href":"https:\/\/www.solgrud.pl\/new\/wp-json\/wp\/v2\/media?parent=477"}],"curies":[{"name":"wp","href":"https:\/\/api.w.org\/{rel}","templated":true}]}}